?
-3090
In base 9, what is 1877677 + 2?
1877680
In base 3, what is 0 + 2220111010?
2220111010
In base 6, what is 3413 + 10?
3423
In base 15, what is 5 + -49b91?
-49b8b
In base 14, what is -2 - -17bab0?
17baac
In base 16, what is 1f1 - -a?
1fb
In base 8, what is 301045 + 0?
301045
In base 15, what is 9ed - -d5?
ad3
In base 13, what is 4 + 20447?
2044b
In base 11, what is -34 + -5291?
-5315
In base 15, what is -cb4 + -7b?
-d40
In base 6, what is 10445513 - -5?
10445522
In base 7, what is 3530 + 36?
3566
In base 9, what is 83 + -2032?
-1838
In base 5, what is 2 - -424133?
424140
In base 15, what is -172513 - -3?
-172510
In base 2, what is 1 + 11100000001011?
11100000001100
In base 16, what is 923 + -1f?
904
In base 16, what is 16 + -2a6?
-290
In base 7, what is 641504 - 15?
641456
In base 7, what is 161505 + -4?
161501
In base 9, what is 4 + -32222?
-32217
In base 7, what is -420506 - -5?
-420501
In base 6, what is 5 - 113055?
-113050
In base 4, what is -12012321 + 11?
-12012310
In base 7, what is 15 - 1143655?
-1143640
In base 4, what is -1 + -11221131311?
-11221131312
In base 15, what is 5 - aac1?
-aabb
In base 3, what is 12 + -201210202001?
-201210201212
In base 2, what is -1 + -10010111011110?
-10010111011111
In base 7, what is -2 - 431364?
-431366
In base 14, what is -55c5b7 - -2?
-55c5b5
In base 10, what is 69319 - 30?
69289
In base 14, what is 1b489d + 4?
1b48a3
In base 8, what is -114 + -6127?
-6243
In base 4, what is -121313 - -10011?
-111302
In base 8, what is 0 + -15275?
-15275
In base 10, what is 1 - -56894?
56895
In base 15, what is -de7 + -5?
-dec
In base 6, what is -3334 - 12031?
-15405
In base 13, what is -1194 - 5aa?
-1771
In base 12, what is -3b545 + -2?
-3b547
In base 6, what is 103431 + -13?
103414
In base 15, what is 10 + -442?
-432
In base 13, what is -99cc - -16?
-99b6
In base 6, what is 10234 + -1400?
4434
In base 16, what is -16579 - 4c?
-165c5
In base 8, what is 2 - -523733?
523735
In base 7, what is 3444663 - 4?
3444656
In base 10, what is -2 + 11377?
11375
In base 12, what is -4 - 8938?
-8940
In base 3, what is -20 - 1110111022?
-1110111112
In base 2, what is 100000011 + 101010100?
1001010111
In base 8, what is -5737 - -43?
-5674
In base 2, what is -110111011 - 111001000010?
-111111111101
In base 12, what is -4 - a3a03?
-a3a07
In base 14, what is 340a + 6?
3412
In base 11, what is -581883 + 4?
-58187a
In base 7, what is 3251455 - -3?
3251461
In base 6, what is 222121 + -11?
222110
In base 13, what is -aa + -cac?
-1089
In base 2, what is 101001000101111101 + -1?
101001000101111100
In base 6, what is -30 + -231121?
-231151
In base 6, what is -22 - -100153?
100131
In base 8, what is -55 + -2043?
-2120
In base 15, what is 33 - -8e3?
926
In base 13, what is 32912 - -2?
32914
In base 9, what is 5671 - 1?
5670
In base 16, what is -8d2a - -61?
-8cc9
In base 3, what is -10002022 + 110?
-10001212
In base 12, what is -1 - 4b96?
-4b97
In base 4, what is 2 + 2322?
2330
In base 10, what is -119558 + 10?
-119548
In base 9, what is -17 - -2260?
2242
In base 2, what is -100100101011000 - 0?
-100100101011000
In base 14, what is -1764 + 5?
-175d
In base 8, what is 3616 - 47?
3547
In base 7, what is -33652234 + -3?
-33652240
In base 9, what is -840 + 34?
-805
In base 16, what is -1 - -a01dd?
a01dc
In base 14, what is -7b617d + 2?
-7b617b
In base 16, what is 43 + 2e9?
32c
In base 15, what is -97 + -238?
-2d0
In base 11, what is -3 - 19689?
-19691
In base 16, what is 29c + -77?
225
In base 8, what is 2 - 17631?
-17627
In base 12, what is 5982 - 1?
5981
In base 16, what is -4fe7 - 6?
-4fed
In base 6, what is 1433 - 201?
1232
In base 15, what is -17 - 738?
-750
In base 15, what is -19d0 + 3?
-19cc
In base 13, what is -3 + -21a24?
-21a27
In base 5, what is 10 - 321231?
-321221
In base 13, what is 32 - c7a6?
-c774
In base 10, what is 5 - 38126?
-38121
In base 7, what is -2311 + -44?
-2355
In base 12, what is 188 - -4246?
4412
In base 5, what is 333203 - -1?
333204
In base 10, what is 312 + 571?
883
In base 11, what is 3557a + 1?
35580
In base 5, what is 102 - 2404?
-2302
In base 2, what is -100111011011 + 1111?
-100111001100
In base 15, what is -5 - 102b63?
-102b68
In base 6, what is 5 + 2204144?
2204153
In base 8, what is -5 + 1042714?
1042707
In base 6, what is -55 + 4001?
3502
In base 14, what is -11989 + -3?
-1198c
In base 10, what is 2414941 + -4?
2414937
In base 3, what is -2 + -1000210112?
-1000210121
In base 15, what is 1ca0a + -1?
1ca09
In base 4, what is -2110130221 + 1?
-2110130220
In base 13, what is 47 + -53b?
-4c4
In base 3, what is -2021 + -112011220?
-112021011
In base 7, what is -143 - -462?
316
In base 7, what is -20364201 - -5?
-20364163
In base 15, what is 67 - -2240?
22a7
In base 8, what is -4 + -13304?
-13310
In base 15, what is a2 - -cb6e?
cc21
In base 9, what is -57 + 5463?
5405
In base 6, what is 13 - -2232041?
2232054
In base 16, what is 95fa + -1c?
95de
In base 16, what is -206 - -2e?
-1d8
In base 3, what is 122221 - -20?
200011
In base 11, what is 3566 + -276?
32a0
In base 11, what is -339 + -885?
-1113
In base 9, what is 6 + -24020?
-24013
In base 8, what is -273 - -40?
-233
In base 9, what is 1057457 + 3?
1057461
In base 9, what is 172 + -68?
103
In base 9, what is 23 + 76043?
76066
In base 9, what is 320207 - 18?
320178
In base 6, what is 5 + 15323?
15332
In base 13, what is 7 - 1593b9?
-1593b2
In base 12, what is -3 + ba931?
ba92a
In base 8, what is -5332 - -50?
-5262
In base 7, what is -2 + -330466?
-330501
In base 8, what is 1 - -1416?
1417
In base 3, what is 220211200 - -221?
220212121
In base 6, what is 104112 + 4?
104120
In base 14, what is -55 - 61d?
-674
In base 16, what is -4 - -29264?
29260
In base 3, what is 1201121201 + 12?
1201121220
In base 5, what is -10 - -1034?
1024
In base 9, what is 1203563 - -3?
1203566
In base 9, what is 250287 + 2?
250300
In base 13, what is -65141 - -4?
-6513a
In base 5, what is 230400 + -13?
230332
In base 3, what is -1 - 111012212221?
-111012212222
In base 4, what is -101 + 1202213?
1202112
In base 7, what is -431 - -12305?
11544
In base 4, what is -32110 + 33130?
1020
In base 3, what is 11101000111010 - 10?
11101000111000
In base 3, what is -11212 - -120021?
101102
In base 11, what is -1 - -6225?
6224
In base 6, what is -12 - 414114?
-414130
In base 14, what is -3392a + -7?
-33933
In base 12, what is -1150 - 16?
-1166
In base 6, what is -111 + -24251?
-24402
In base 8, what is 2754330 - -5?
2754335
In base 4, what is 101000133323 + 1?
101000133330
In base 9, what is -4 + 2051?
2046
In base 5, what is 11331423 + 33?
11332011
In base 2, what is 10100 - 1000010000?
-111111100
In base 7, what is 22 + 644?
666
In base 6, what is -404 - 134424?
-135232
In base 16, what is -4d00 + 3e?
-4cc2
In base 3, what is 11 - 221010220?
-221010202
In base 7, what is -2 - -10314?
10312
In base 13, what is -125 - 18a?
-2b2
In base 7, what is 45104 + -35?
45036
In base 8, what is -321557 + -4?
-321563
In base 4, what is 3 + 203230131?
203230200
In base 6, what is -4 + 104502?
104454
In base 13, what is -418b - 207?
-4395
In base 9, what is 2 - 1353411?
-1353408
In base 3, what is -11002122 + 11?
-11002111
In base 8, what is 443603 + 11?
443614
In base 3, what is -221222 - 2112?
-1001111
In base 8, what is 23603 + 2?
23605
In base 15, what is 2c + -5ea?
-5bd
In base 2, what is -110001 + 101110101101?
101101111100
In base 12, what is 1a545 + 2?
1a547
In base 8, what is -13 - 753446?
-753461
In base 9, what is -426 - -32?
-384
In base 8, what is 354422 + -2?
354420
In base 15, what is -2 - 7e6c?
-7e6e
In base 3, what is -1001110020 - -12?
-1001110001
In base 7, what is -3 + 601434?
601431
In base 5, what is 0 - 11423042?
-11423042
In base 13, what is cc3 + -6?
cba
In base 9, what is -1467883 + 5?
-1467877
In base 16, what is 10849 + -4?
10845
In base 6, what is 105 - 42431?
-42322
In base 9, what is -8 + -403520?
-403528
In base 6, what is 2 + -20112?
-20110
In base 7, what is 504 + 15254?
16061
In base 16, what is 2 - 50567?
-50565
In base 10, what is 75 - 135?
-60
In base 14, what is -357 + -13a?
-493
In base 13, what is 5a292 + 4?
5a296
In base 8, what is 31155 - 3?
31152
In base 10, what is 809876 - -5?
809881
In base 7, what is 2500 + 13?
2513
In base 7, what is 3 + 1036013?
1036016
In 